True
Is 4559 a multiple of 11?
False
Does 4 divide 114?
False
Does 11 divide 7315?
True
Is 4 a factor of 149?
False
Does 4 divide 461?
False
Is 57 a factor of 13221?
False
Is 216 a multiple of 12?
True
Does 7 divide 609?
True
Is 4 a factor of 142?
False
Does 6 divide 5963?
False
Is 40560 a multiple of 13?
True
Is 21 a factor of 3384?
False
Does 19 divide 2415?
False
Is 22729 a multiple of 191?
True
Is 22 a factor of 374?
True
Does 34 divide 3500?
False
Is 75401 a multiple of 60?
False
Is 10998 a multiple of 9?
True
Does 5 divide 665?
True
Is 32 a factor of 21650?
False
Is 1380 a multiple of 20?
True
Does 36 divide 2880?
True
Is 12 a factor of 20748?
True
Does 8 divide 80902?
False
Is 29 a factor of 87?
True
Is 19 a factor of 781?
False
Is 11 a factor of 649?
True
Is 420 a multiple of 14?
True
Is 854 a multiple of 13?
False
Is 69 a factor of 16215?
True
Does 38 divide 1009?
False
Is 357 a multiple of 2?
False
Is 554 even?
True
Is 34 a factor of 45539?
False
Is 3007 a multiple of 10?
False
Is 10 a factor of 360?
True
Is 2850 a multiple of 15?
True
Is 57 a factor of 1824?
True
Is 9 a factor of 1188?
True
Does 4 divide 3688?
True
Is 86 a factor of 13147?
False
Is 20593 a multiple of 134?
False
Does 43 divide 128957?
True
Is 303 a multiple of 3?
True
Does 85 divide 3232?
False
Is 539 a multiple of 7?
True
Is 2 a factor of 133?
False
Is 20 a factor of 3420?
True
Is 11 a factor of 2596?
True
Does 15 divide 392?
False
Is 40 a factor of 55880?
True
Is 39 a factor of 6942?
True
Is 879 a multiple of 22?
False
Does 79 divide 3003?
False
Is 6 a factor of 10984?
False
Is 22 a factor of 6456?
False
Does 13 divide 57536?
False
Does 7 divide 693?
True
Does 53 divide 9010?
True
Is 15008 a multiple of 53?
False
Does 9 divide 24725?
False
Is 2263 a multiple of 49?
False
Is 371 a multiple of 5?
False
Does 44 divide 37708?
True
Does 14 divide 1602?
False
Is 68740 a multiple of 14?
True
Is 13 a factor of 312?
True
Does 155 divide 42102?
False
Does 14 divide 392?
True
Does 2 divide 4706?
True
Is 550 a multiple of 10?
True
Is 72 a factor of 7992?
True
Does 21 divide 3192?
True
Is 22848 a multiple of 68?
True
Does 10 divide 10660?
True
Does 3 divide 257?
False
Does 66 divide 1349?
False
Is 165 a factor of 1485?
True
Does 25 divide 1898?
False
Is 864 a multiple of 6?
True
Is 28341 a multiple of 47?
True
Is 4749 a multiple of 35?
False
Does 16 divide 5062?
False
Is 3834 a multiple of 71?
True
Does 79 divide 4029?
True
Does 17 divide 4369?
True
Does 65 divide 1961?
False
Is 16 a factor of 1958?
False
Does 19 divide 6118?
True
Is 10 a factor of 21990?
True
Is 3304 a multiple of 56?
True
Is 20 a factor of 2050?
False
Is 154 a factor of 5497?
False
Does 46 divide 7820?
True
Does 29 divide 630?
False
Does 60 divide 100260?
True
Is 55 a factor of 32859?
False
Is 540 a multiple of 5?
True
Is 6 a factor of 71?
False
Is 2 a factor of 376?
True
Does 38 divide 1204?
False
Does 94 divide 6110?
True
Is 14 a factor of 1707?
False
Is 2857 a multiple of 28?
False
Does 114 divide 141797?
False
Is 694 a multiple of 38?
False
Does 48 divide 31296?
True
Does 13 divide 18178?
False
Does 8 divide 31920?
True
Is 26 a factor of 5278?
True
Is 55 even?
False
Is 3872 a multiple of 44?
True
Is 45 a factor of 4680?
True
Is 5 a factor of 7203?
False
Does 104 divide 19240?
True
Is 19284 a multiple of 116?
False
Is 3 a factor of 794?
False
Does 4 divide 6577?
False
Does 2 divide 2701?
False
Is 26818 a multiple of 23?
True
Is 9527 a multiple of 11?
False
Is 18 a factor of 3791?
False
Does 88 divide 3370?
False
Is 10 a factor of 303?
False
Is 688 a multiple of 43?
True
Does 23 divide 208?
False
Is 6555 a multiple of 19?
True
Does 10 divide 131?
False
Is 88 a factor of 6976?
False
Does 20 divide 7680?
True
Does 176 divide 26545?
False
Is 65 a factor of 780?
True
Does 83 divide 6474?
True
Is 23 a factor of 673?
False
Is 28542 a multiple of 201?
True
Is 7259 a multiple of 21?
False
Is 27 a factor of 651?
False
Is 21 a factor of 4284?
True
Is 15 a factor of 300?
True
Does 36 divide 4932?
True
Is 14 a factor of 23355?
False
Does 29 divide 2175?
True
Is 33473 a multiple of 17?
True
Is 26 a factor of 6058?
True
Does 20 divide 18940?
True
Does 3 divide 2664?
True
Does 81 divide 84?
False
Is 22 a factor of 673?
False
Is 21 a factor of 467?
False
Is 11 a factor of 187?
True
Does 13 divide 10777?
True
Does 141 divide 9124?
False
Does 62 divide 10774?
False
Is 19559 a multiple of 37?
False
Is 15190 a multiple of 70?
True
Is 448 a multiple of 64?
True
Is 25 a factor of 7050?
True
Is 37024 a multiple of 97?
False
Does 68 divide 3183?
False
Is 17 a factor of 1032?
False
Does 3 divide 372?
True
Does 21 divide 1176?
True
Is 8560 a multiple of 107?
True
Is 12342 a multiple of 102?
True
Is 414 a multiple of 13?
False
Is 13 a factor of 884?
True
Is 13 a factor of 806?
True
Is 4428 a multiple of 4?
True
Does 43 divide 13025?
False
Does 2 divide 18?
True
Is 18 a factor of 1458?
True
Is 57 a factor of 47139?
True
Does 279 divide 35433?
True
Is 2300 a multiple of 10?
True
Is 26 a factor of 26858?
True
Does 119 divide 17146?
False
Does 14 divide 308?
True
Is 17 a factor of 338?
False
Is 1248 a multiple of 24?
True
Is 45 a factor of 10395?
True
Is 598 a multiple of 21?
False
Does 199 divide 2189?
True
Is 7 a factor of 977?
False
Does 12 divide 11703?
False
Is 78 a factor of 33462?
True
Is 350 a multiple of 25?
True
Does 7 divide 651?
True
Is 18 a factor of 146?
False
Does 12 divide 20448?
True
Is 6727 a multiple of 79?
False
Is 21 a factor of 8866?
False
Is 17 a factor of 1500?
False
Is 917 a multiple of 11?
False
Is 52 a factor of 3058?
False
Does 279 divide 182187?
True
Is 19 a factor of 8056?
True
Does 21 divide 88?
False
Does 22 divide 3596?
False
Is 1096 a multiple of 7?
False
Does 25 divide 15923?
False
Is 792 a multiple of 36?
True
Is 22 a factor of 198?
True
Does 41 divide 50102?
True
Is 1504 a multiple of 8?
True
Does 27 divide 618?
False
Is 5391 a multiple of 84?
False
Is 14 a factor of 320?
False
Is 348 a multiple of 12?
True
Does 16 divide 1360?
True
Does 2 divide 3752?
True
Is 770 a multiple of 8?
False
Does 4 divide 178?
False
Is 36 a factor of 36?
True
Does 83 divide 10043?
True
Is 3744 a multiple of 96?
True
Does 19 divide 396?
False
Is 128 a factor of 65393?
False
Does 79 divide 15132?
False
Is 175 a factor of 12950?
True
Is 19200 a multiple of 116?
False
Is 1144 a multiple of 26?
True
Is 29 a factor of 2813?
True
Is 6 a factor of 336?
True
Is 17 a factor of 62560?
True
Is 172 a factor of 1720?
True
Does 16 divide 1662?
False
Is 1887 a multiple of 37?
True
Is 1848 a multiple of 24?
True
Is 26 a factor of 1326?
True
Is 292 a multiple of 15?
False
Is 195 a multiple of 5?
True
Is 32509 a multiple of 59?
True
Is 74 a multiple of 36?
False
Does 2 divide 110?
True
Is 20 a factor of 4738?
False
Is 4185 a multiple of 31?
True
Does 4 divide 718?
False
Does 48 divide 3819?
False
Is 21 a factor of 1512?
True
Is 1192 a multiple of 8?
True
Is 55 a factor of 24146?
False
Is 4104 a multiple of 57?
True
Is 6009 a multiple of 4?
False
Is 153 a factor of 63342?
True
Does 28 divide 1736?
True
Is 42777 a multiple of 147?
True
Is 6 a factor of 1098?
True
Is 2884 a multiple of 14?
True
Is 45 a factor of 168?
False
Is 93 a factor of 621?
False
Is 1740 a multiple of 87?
True
Is 10 a factor of 3489?
False
Does 38 divide 49309?
False
Is 17 a factor of 544?
True
Is 35 a factor of 1085?
True
Is 27 a factor of 353?
False
Is 13 a factor of 377?
True
Is 33 a factor of 990?
True
Does 60 divide 13240?
False
Is 4 a factor of 29693?
False
Is 1962 a multiple of 2?
True
Is 3 a factor of 1037?
False
Does 76 divide 16684?
False
Does 15 divide 33463?
False
Does 124 divide 6200?
True
Does 13 divide 182?
True
Is 219 a multiple of 4?
False
Is 2457 a multiple of 91?
True
Is 689 a multiple of 30?
False
Is 52 a factor of 3371?
False
Does 5 divide 2086?
False
Is 40281 a multiple of 87?
True
Is 24 a factor of 94380?
False
Is 126 a multiple of 3?
True
Is 30561 a multiple of 152?
False
Does 56 divide 560?
True
Is 68 a multiple of 17?
True
Is 23445 a multiple of 9?
True
Is 5 a factor of 6840?
True
Is 246 a factor of 22710?
False
Does 52 divide 789?
False
Does 4 divide 36?
True
Is 26 a factor of 11076?
True
Is 2250 a multiple of 9?
True
Is 9249 a multiple of 